 the prime factors of z(5)?
7, 13, 61
Let r(l) = -735*l - 18. List the prime factors of r(-1).
3, 239
Suppose 0 = 5*h + 4*d - 120, -2*h - 6*d + 65 = -d. Suppose -4*v + h = v. Suppose 0 = -v*o + 4*w + 56, -6*o = -3*o + 4*w - 21. List the prime factors of o.
11
Suppose -d - 192 + 484 = 4*b, 0 = -2*d - 3*b + 599. What are the prime factors of d?
2, 19
Let q = 2402 + -281. List the prime factors of q.
3, 7, 101
Let k(w) = w**3 - 16*w**2 - 3*w - 62. List the prime factors of k(18).
2, 7, 19
Let m = -6 + -14. Let k = -539 + 533. What are the prime factors of (3 - m)/((-3)/k)?
2, 23
Let c = 46 - 40. Let d(f) = -4*f + 7. Let g(t) = -t + 1. Let r(p) = -d(p) + 3*g(p). List the prime factors of r(c).
2
Let r = 195 - 9. Suppose -r = -5*b + 119. List the prime factors of b.
61
Let y(s) = -13*s + 8. Let b = 24 - 27. What are the prime factors of y(b)?
47
Suppose -4*k - 318 + 514 = 0. What are the prime factors of k?
7
Suppose 0 = -0*n - n. Suppose n = -2*g + 6*g. Suppose -5*b + 0*j = -2*j - 111, -3*b - 5*j + 48 = g. What are the prime factors of b?
3, 7
Let m = 17 - 14. Suppose 8*r - m*r = 15. Suppose 4*k - r*g = 269, -k - 4*g - 64 = -2*k. List the prime factors of k.
2, 17
Let l(g) = -g**2 + 1. Let i(k) = 6*k**2 + 4*k + 1. Let a(w) = i(w) - 3*l(w). What are the prime factors of a(4)?
2, 79
Let g(f) = -f + 1. Let a be g(-1). Let z(j) = -2*j - 5 + j**2 - j**a - j**2 - 8*j. What are the prime factors of z(-4)?
19
Let u be 14/119 + 32/17. Suppose -u*i - 265 = -7*i. Suppose -3*g - i = -t, 2*t + 0*g = 5*g + 108. List the prime factors of t.
59
Let x = -10 - -14. Suppose -x*t + 3*u + 350 = t, -5*t = -4*u - 355. What are the prime factors of t?
67
What are the prime factors of 398/(-11*(-14)/385)?
5, 199
Suppose 7*v = -0*v - 2*s + 15226, 2*s = 5*v - 10886. List the prime factors of v.
2, 17
Suppose -2*s = -w - 12, 5*w = 3*s + 2*s - 60. Let n be 4/w*0 - -63. What are the prime factors of (n/(-12))/((-15)/40)?
2, 7
Let c(a) be the third derivative of -5*a**4/24 + 19*a**3/3 + 9*a**2. List the prime factors of c(-17).
3, 41
Suppose -3*q = -4*q + 3*n + 685, -2*q - 5*n = -1326. What are the prime factors of q?
673
Let h = 0 + 5. Let f(u) = -u**3 + 6*u**2 + 2*u - 11. What are the prime factors of f(h)?
2, 3
What are the prime factors of 2/(-1) + 1 - 17*-6?
101
Let a(n) = 1351*n**2 - 22*n + 22. What are the prime factors of a(1)?
7, 193
Suppose -2*k - 19 + 8 = 5*f, 2*k - 13 = 3*f. Let b be ((-1)/2)/(f/276). Suppose -b = 2*n - 4*n. List the prime factors of n.
23
Suppose 10 = g + 13. Let y = 6 + g. Suppose -2*v + 75 = y*s, 2*s = v + 2*v + 37. What are the prime factors of s?
23
Let c be (0 - (4 - 3)) + 40. Suppose 5*b = 126 + c. What are the prime factors of b?
3, 11
Let j(n) = 139*n**2 - 1. Let c be j(1). Suppose -209 = -3*z + 3*p + 13, -4*p - c = -2*z. What are the prime factors of z?
79
Suppose 4 = 7*j - 9*j. List the prime factors of 2 + -38*(105/j)/7.
7, 41
Let t(o) = o**3 - 6*o**2 + 27*o - 15. What are the prime factors of t(12)?
3, 17, 23
Let q = -189 - -842. List the prime factors of q.
653
Suppose -2*c + 15 = 3*c. Let v = 171 - 113. What are the prime factors of v/c + 1/(-3)?
19
What are the prime factors of (442/78)/(1/159)?
17, 53
Suppose 0 = -5*y + 13 - 3. Suppose 0 = -y*f + 4*c - 140, 2*f + 0*f + 3*c + 175 = 0. List the prime factors of -13 + 11 + f/(-1).
2, 3, 13
Let u = -2209 - -3347. List the prime factors of u.
2, 569
Let a be ((3 - 1) + -2)/1. Suppose a*i - 8 = -4*i. Suppose -i*m + 3*m - 29 = 0. What are the prime factors of m?
29
Let p(c) = c**3 + 51*c**2 - 106*c + 71. What are the prime factors of p(-53)?
71
Let p(s) = s**3 - 9*s**2 + 8*s + 4. Let l be p(8). Suppose -3*w = l*i - 8, -3*i = -3*w + 3 - 9. What are the prime factors of 627/44 + i/(-8)?
2, 7
Suppose 1994 - 414 = 5*d. List the prime factors of d.
2, 79
Let x = 291 - -338. List the prime factors of x.
17, 37
Suppose -4*b = y - 433, 3*b - 4 = 2*b. List the prime factors of y.
3, 139
Let b = 558 + -73. What are the prime factors of b?
5, 97
Suppose 0 = -8*c + 29 + 11. Suppose 0 = c*i - 3*k + 2*k - 640, 0 = -2*i + k + 253. What are the prime factors of i?
3, 43
Let q(h) = -h**3 - 29*h**2 + 10*h - 116. What are the prime factors of q(-30)?
2, 11
Suppose 19*m + 13874 = 33*m. List the prime factors of m.
991
Let d(h) = -8*h**3 - 2*h**2 - h. Let y be -4 + 2*6/4. What are the prime factors of d(y)?
7
Let o = 3 + -3. Suppose -2*i = -3*x - 23, -2*i - 2 = 2*x - o. Suppose i*g = j + 34 + 8, 0 = -3*g - 4*j + 41. What are the prime factors of g?
11
Suppose 58 = 2*q - 40. Let c = 86 + q. Suppose 2*r - 7*r = -c. List the prime factors of r.
3
Let u be (-84)/((0 - 4)/(-1) - 3). List the prime factors of ((-401)/(-3))/1 + 56/u.
7, 19
Let z = 3826 + -1602. List the prime factors of z.
2, 139
Let x be (8/(-6))/((-30)/(-405)). Let g = -51 + x. Let f = 104 + g. What are the prime factors of f?
5, 7
Let f(l) = l**3 - 15*l**2 + 8*l - 8. List the prime factors of f(17).
2, 353
Suppose 3*i - 3631 = 5*b - 3*b, -b + 4 = 0. What are the prime factors of i?
1213
List the prime factors of 31/((6/21)/((-166)/(-7))).
31, 83
Let k = -16 - -22. Suppose -3*w - 2*t = -313, -w - 2*t + 123 = -k*t. What are the prime factors of w?
107
List the prime factors of 20596/28 - 6/(-14).
2, 23
Let m = 1847 - 1313. List the prime factors of m.
2, 3, 89
Suppose 2*c + 179 = 693. List the prime factors of c.
257
Suppose 6*r = -d + 8*r + 252, -r - 4 = 0. What are the prime factors of d?
2, 61
Let c(m) = 18*m - 4. Let u be c(-5). Let k(y) = -y**3 - 10*y**2 - 8*y + 1. Let p be k(-9). What are the prime factors of u/p - (-8)/32?
2, 3
Let c(b) = 3*b**2 + 7*b - 16. What are the prime factors of c(7)?
2, 3, 5
Suppose -4*j = -1214 - 1482. List the prime factors of j.
2, 337
What are the prime factors of 5/2*(-182)/(-7)?
5, 13
Let c(l) = -l**2 - 5*l + 2. Let x(u) = u**3 + u**2 + u + 2. Let s be x(-2). Let v be c(s). Suppose 81 + 3 = v*k. What are the prime factors of k?
2, 7
Suppose 49*q + 7286 = 51*q - 2*u, 0 = -5*q + 4*u + 18217. List the prime factors of q.
3, 5
Let c(q) = q**3 + 15*q**2 - 3. Let d be c(-15). Let m = 48 + d. Suppose m = -6*z + 11*z. List the prime factors of z.
3
Let d = 1269 - 689. What are the prime factors of d?
2, 5, 29
Let m be (-13 + 5)*4/(-16). Suppose -1024 = -6*f - m*f. List the prime factors of f.
2
Suppose 0 = -5*p + 5*r - 690, 3*p + 3*r + 251 = p. Let q = p - -266. What are the prime factors of q?
7, 19
Let w(l) = -l - 10. Let o be w(9). Let r = 22 + o. What are the prime factors of ((-8)/r)/(34/(-561))?
2, 11
Let h be -2 + (-4)/((-16)/76). Let s = h + -25. What are the prime factors of ((-1)/2)/(s/432)?
3
Let s = 8076 + -5297. What are the prime factors of s?
7, 397
Let z(t) = 22*t + 497. List the prime factors of z(-12).
233
Let m = 8 - 1. Let k = m + -7. Suppose k*r - 32 = -2*r. What are the prime factors of r?
2
Let i be 26/6*(0 - -12). Suppose 5*u - u = i. List the prime factors of u.
13
Let g(z) = 9*z - 1. Suppose -5*l + 15 = -0*l. Suppose l*i + u + 4*u - 18 = 0, -u = -3. What are the prime factors of g(i)?
2
Suppose -10*h = -21*h + 31306. What are the prime factors of h?
2, 1423
Let v(o) = -o**2 + 17*o + 2. Let f be v(17). Suppose -f*h - 2*l = 2*l - 222, 2*l = h - 127. List the prime factors of h.
7, 17
Let c(r) = 25*r**3 + 2*r**2 - 3*r + 1. Let q(z) be the second derivative of z**3/6 - 5*z**2 - z. Let i be q(11). List the prime factors of c(i).
5
Suppose -c - 175 = -5*d, -5*c - 875 = -3*d + 2*d. Let r = 287 + c. List the prime factors of r.
2, 7
What are the prime factors of (-67302)/(-18) + (-4)/3*3?
3, 5, 83
Let m(f) = -11*f - 3*f**3 - 6*f**3 - 9 - 11*f**2 + 10*f**3. Let i be m(12). Suppose -i*y = -34 - 5. What are the prime factors of y?
13
Let r(b) = b - 4. Let k be r(13). Let x be (-3)/k - 301/(-3). Suppose -v + 6*v = x. List the prime factors of v.
2, 5
Let g(i) = -22*i + 72. What are the prime factors of g(-18)?
2, 3, 13
Suppose 0 = -2*m + 3*c + 2613, 3924 = 3*m - 20*c + 17*c. What are the prime factors of m?
3, 19, 23
Suppose 0*m = -4*o - 2*m + 288, -5*o - 2*m + 360 = 0. List the prime factors of ((-11)/((-33)/(-18)))/((-3)/o).
2, 3
Suppose 2*b + 0*d - 7 = d, -b = d + 4. List the prime factors of 196/16 + b/(-4).
2, 3
Suppose 2*b - 7*b - 540 = 0. What are the prime factors of (b/(-24))/((-1)/(-6))?
3
